-293b + -653?
-3392
In base 14, what is 8a228 - -d2?
8a31a
In base 12, what is -97 - 79413?
-794aa
In base 13, what is -8a6 + -275?
-b4b
In base 4, what is -1301012 - 100221?
-2001233
In base 3, what is -1000112 + -10011020011?
-10012020200
In base 11, what is -5 - 682a399?
-682a3a3
In base 6, what is -25224 - 120334?
-150002
In base 6, what is 2543155 + -11514?
2531241
In base 12, what is 7642 + -1204?
643a
In base 2, what is 10100010100101 + -110101111101?
1101100101000
In base 9, what is -673 - -20305?
18522
In base 2, what is -10101 - 11101000011000111?
-11101000011011100
In base 9, what is -5 + 723858400?
723858384
In base 5, what is -3221 + -120213014?
-120221240
In base 6, what is 15510223 - -1404?
15512031
In base 9, what is 43 - 3285?
-3242
In base 12, what is 93990 + 92?
93a62
In base 8, what is -3 + 13433630?
13433625
In base 9, what is 0 + 136211130?
136211130
In base 9, what is 4 - 71810713?
-71810708
In base 3, what is -12211200 - -222220?
-11211210
In base 11, what is 14 + 3569504?
3569518
In base 11, what is -184 + -91517?
-916a0
In base 11, what is 1aa88a2 + 41?
1aa8933
In base 5, what is 1101 + 13402343?
13403444
In base 10, what is -41506 - 10356?
-51862
In base 9, what is 121343 + -15523?
104720
In base 7, what is -5421 - -144622?
136201
In base 11, what is -2 - 8222413?
-8222415
In base 2, what is -1001101000101110001010 + -101?
-1001101000101110001111
In base 3, what is 21 + -22110022201?
-22110022110
In base 13, what is -13 - 148cb28?
-148cb3b
In base 6, what is -2021010101 + 0?
-2021010101
In base 12, what is 103b2376 + -2?
103b2374
In base 7, what is 10122 + 465343?
505465
In base 7, what is -242 - -1014510?
1014235
In base 10, what is 26023917 + -2?
26023915
In base 10, what is -33004319 - -3?
-33004316
In base 15, what is -441 + -a860?
-aca1
In base 16, what is 43b55e15 - -3?
43b55e18
In base 10, what is 36 + -41986698?
-41986662
In base 14, what is -340a44 + -9?
-340a4d
In base 2, what is 100010011 - 10100000000011?
-10011011110000
In base 11, what is 3512 - 815?
27a8
In base 4, what is -2110300112 + -1203?
-2110301321
In base 4, what is -20230112120221 + 10?
-20230112120211
In base 14, what is 8c9 - 1561?
-a76
In base 4, what is -1333113 + -3012?
-2002131
In base 4, what is 233323110 - -2232?
233332002
In base 16, what is -bb42c - 346?
-bb772
In base 6, what is -2 - -13335133?
13335131
In base 5, what is 1 + -3212230?
-3212224
In base 10, what is 23 - 2455230?
-2455207
In base 10, what is -128688 - 102?
-128790
In base 4, what is 2201233123012320 - -10?
2201233123012330
In base 14, what is -d575c - -80?
-d56bc
In base 9, what is 16 + -8311350?
-8311333
In base 16, what is -58b - -3ee9?
395e
In base 2, what is -1001100 - 101001100110010?
-101001101111110
In base 10, what is 18256 - 91?
18165
In base 11, what is 1 - -68840073?
68840074
In base 16, what is 179ce + 0?
179ce
In base 9, what is -101 + -163074?
-163175
In base 16, what is -5 + 1568a7?
1568a2
In base 4, what is -10311120131 - 32?
-10311120223
In base 3, what is 121212101 + 21202?
122011010
In base 5, what is 4 + -42224030410?
-42224030401
In base 15, what is 48b650e + -6?
48b6508
In base 14, what is 10c88 - b0?
10bb8
In base 9, what is -2244 - 234701?
-237045
In base 4, what is -2301 + -2212031?
-2220332
In base 3, what is -1012010 + 22001200201?
22000111121
In base 7, what is 1006311032 + 4?
1006311036
In base 16, what is db49 - 8f3?
d256
In base 15, what is -108429 - 7?
-108431
In base 7, what is -120230663 - 4?
-120231000
In base 7, what is -44350 + 11500?
-32550
In base 16, what is -241ee + -2ea?
-244d8
In base 9, what is 1054 - -24871?
26035
In base 2, what is 10111011001 + 11010011110?
110001110111
In base 9, what is -16854053 + 28?
-16854024
In base 14, what is 18d6b58 + -8?
18d6b50
In base 5, what is -3 + -101042004130?
-101042004133
In base 12, what is 2a6 - -2557?
2841
In base 11, what is -633098 - 2?
-63309a
In base 16, what is 32 - -930170?
9301a2
In base 8, what is 257526 + 16?
257544
In base 4, what is -223122 + 102111231?
101222103
In base 12, what is -4 + -14210798?
-142107a0
In base 4, what is 1 - 130330201101?
-130330201100
In base 12, what is -174849 + 37?
-174812
In base 9, what is 4072 + -117156?
-113074
In base 16, what is 8f47 - 122?
8e25
In base 9, what is 0 - -7467537?
7467537
In base 6, what is -2 + 10404005312?
10404005310
In base 4, what is -22332221131120 + 10?
-22332221131110
In base 9, what is -28 - -1866452?
1866423
In base 9, what is -265 - -7655072?
7654706
In base 8, what is 50031 - -777?
51030
In base 5, what is 0 + 3142002042?
3142002042
In base 10, what is 2 - 27478?
-27476
In base 3, what is -1 + 112112111110221?
112112111110220
In base 3, what is -12 - 202022002111011?
-202022002111100
In base 11, what is 1688741 + -6?
1688736
In base 16, what is -2 + -718ac?
-718ae
In base 13, what is -469346 + 12?
-469334
In base 2, what is 10011000000 - -10010101011101101?
10010111110101101
In base 13, what is 70a61 + c?
70a70
In base 10, what is -3 - 21615084?
-21615087
In base 6, what is -100215253 + 14?
-100215235
In base 13, what is -91a56b43 + -1?
-91a56b44
In base 11, what is -290 - -69532?
69252
In base 12, what is -2 + 450595a?
4505958
In base 9, what is -41622 + -575?
-42307
In base 11, what is a - -58a57a0?
58a57aa
In base 9, what is -137 - 4840?
-5077
In base 6, what is -343 - -144002333?
144001550
In base 7, what is 1 - -1350030665?
1350030666
In base 2, what is 1100111001001111101101 + -11100?
1100111001001111010001
In base 13, what is -7b032c - 1b8?
-7b0517
In base 5, what is -121303410421 + 0?
-121303410421
In base 9, what is -2 + -64546366?
-64546368
In base 5, what is 11140211 + -431?
11134230
In base 9, what is -574640 - -64?
-574565
In base 11, what is 9a501 + -33?
9a479
In base 3, what is -1 + 11012020110101?
11012020110100
In base 8, what is 13441757 + -4?
13441753
In base 6, what is 4 - -302341424?
302341432
In base 4, what is 23232302123 - -110?
23232302233
In base 2, what is 111111000000001101000011101 - 11?
111111000000001101000011010
In base 9, what is -26538785 - 17?
-26538813
In base 14, what is -2a213 + -1d04?
-2c117
In base 2, what is -1 + -1010110010101111110?
-1010110010101111111
In base 12, what is -654366 + -10?
-654376
In base 4, what is 2 - 33022132203113?
-33022132203111
In base 2, what is -1011 - 1111110101010010101110?
-1111110101010010111001
In base 15, what is 196 + -19ad66?
-19abc0
In base 6, what is -4 + -2413401431?
-2413401435
In base 8, what is 6240543 + -6?
6240535
In base 12, what is 2 + -aa880?
-aa87a
In base 14, what is -4 - 2a5045?
-2a5049
In base 7, what is 23410144 - -3?
23410150
In base 12, what is 3 - -86ab5451?
86ab5454
In base 6, what is 100 - -113235221?
113235321
In base 9, what is -26114753 + 16?
-26114736
In base 11, what is 2 - -6165436?
6165438
In base 16, what is 71e + 1c05?
2323
In base 11, what is -298 + -7024?
-7311
In base 2, what is 1111101100110100001 + -1001010?
1111101100101010111
In base 3, what is -121202020002011 + -11?
-121202020002022
In base 2, what is -100010101110100111001010010 - -1?
-100010101110100111001010001
In base 8, what is -3 + 4151503?
4151500
In base 14, what is -1a497ca + -1?
-1a497cb
In base 11, what is -310367a6 + -1?
-310367a7
In base 15, what is ecb - 4?
ec7
In base 14, what is 10314485 - 4?
10314481
In base 8, what is 1154 - 401337?
-400163
In base 2, what is -101011111001 - -11001000011010011?
11000010111011010
In base 12, what is -99669063 + -3?
-99669066
In base 3, what is 1002021201 + -11012220?
221001211
In base 13, what is -2838a + -123?
-284b0
In base 16, what is 2e65a0b - 4?
2e65a07
In base 8, what is 311 - 2040060?
-2037547
In base 15, what is 20 - -7075e?
7077e
In base 6, what is 3343542052 - 11?
3343542041
In base 16, what is -2c59c7e + 11?
-2c59c6d
In base 11, what is -472037 - 20a?
-472246
In base 4, what is 313 - -1320033002?
1320033321
In base 6, what is -25 - -1533554?
1533525
In base 4, what is -20 + 13011301101123?
13011301101103
In base 8, what is -234130 + 2163?
-231745
In base 5, what is 114412341 - 22?
114412314
In base 7, what is 132414 - -116?
132533
In base 16, what is -d + 6c76b?
6c75e
In base 3, what is 1010221020122101 - -210?
1010221020200011
In base 6, what is 353533522 - 0?
353533522
In base 11, what